{"id":192,"date":"2018-07-23T21:47:32","date_gmt":"2018-07-23T21:47:32","guid":{"rendered":"https:\/\/schreinereistangl.de\/?page_id=192"},"modified":"2018-08-01T13:45:34","modified_gmt":"2018-08-01T13:45:34","slug":"impressum","status":"publish","type":"page","link":"https:\/\/schreinereistangl.de\/?page_id=192","title":{"rendered":"Impressum"},"content":{"rendered":"<h1>ANGABEN GEM\u00c4SS \u00a7 5 TMG<\/h1>\n<p>Schreinerei Stangl<br \/>\nAuenstr. 13<br \/>\n85088 Rockolding<span class=\"text_exposed_show\"><br \/>\nTel. 08457 1475<br \/>\nmail: info@schreinereistangl.de<br \/>\n<span class=\"fwb\"><a href=\"http:\/\/www.schreinereistangl.de\/\" target=\"_blank\" rel=\"noopener nofollow\" data-ft=\"{&quot;tn&quot;:&quot;-U&quot;}\" data-lynx-mode=\"asynclazy\" data-lynx-uri=\"https:\/\/l.facebook.com\/l.php?u=http%3A%2F%2Fwww.schreinereistangl.de%2F&amp;h=AT3ScEAUl1Ta7Tvws6VpvsydUQbiK9hIRkXWdWfHd3Zopqu0GHEKQsGW5R_qMIgfQi7RYigQP_LssNkr9NBlNBK9z293QjqLJkzM5zV6h4H8yG9vOvC5AzWrwVmF9Q9Uw_i7zA\">www.schreinereistangl.de<\/a><\/span><\/span><\/p>\n<h2>VERTRETEN DURCH:<\/h2>\n<p>Gesch\u00e4ftsleitung Thomas Stangl<\/p>\n<h2>KONTAKT:<\/h2>\n<p><span class=\"text_exposed_show\">Telefon: +49 8457 1475<\/span><\/p>\n<p><span class=\"text_exposed_show\">Email: info@schreinereistangl.de<\/span><\/p>\n<h2>UMSATZSTEUER-ID:<\/h2>\n<p>Umsatzsteuer-Identifikationsnummer gem\u00e4\u00df \u00a727 a Umsatzsteuergesetz:<br \/>\nDE<\/p>\n<h2>VERANTWORTLICH F\u00dcR DEN INHALT NACH \u00a7 55 ABS. 2 RSTV:<\/h2>\n<p>Thomas Stangl<br \/>\nAuenstr. 13<br \/>\n85088 Rockolding<\/p>\n<h2>QUELLENANGABEN F\u00dcR DIE VERWENDETEN BILDER UND GRAFIKEN:<\/h2>\n<p><a href=\"http:\/\/fotolia.com\/\">http:\/\/fotolia.com<\/a><\/p>\n<h1>HAFTUNGSAUSSCHLUSS (DISCLAIMER)<\/h1>\n<p><strong>Haftung f\u00fcr Inhalte<\/strong><\/p>\n<p>Als Diensteanbieter sind wir gem\u00e4\u00df \u00a7 7 Abs.1 TMG f\u00fcr eigene Inhalte auf diesen Seiten nach den allgemeinen Gesetzen verantwortlich. Nach \u00a7\u00a7 8 bis 10 TMG sind wir als Diensteanbieter jedoch nicht verpflichtet, \u00fcbermittelte oder gespeicherte fremde Informationen zu \u00fcberwachen oder nach Umst\u00e4nden zu forschen, die auf eine rechtswidrige T\u00e4tigkeit hinweisen. Verpflichtungen zur Entfernung oder Sperrung der Nutzung von Informationen nach den allgemeinen Gesetzen bleiben hiervon unber\u00fchrt. Eine diesbez\u00fcgliche Haftung ist jedoch erst ab dem Zeitpunkt der Kenntnis einer konkreten Rechtsverletzung m\u00f6glich. Bei Bekanntwerden von entsprechenden Rechtsverletzungen werden wir diese Inhalte umgehend entfernen.<\/p>\n<p><strong>Haftung f\u00fcr Links<\/strong><\/p>\n<p>Unser Angebot enth\u00e4lt Links zu externen Webseiten Dritter, auf deren Inhalte wir keinen Einfluss haben. Deshalb k\u00f6nnen wir f\u00fcr diese fremden Inhalte auch keine Gew\u00e4hr \u00fcbernehmen. F\u00fcr die Inhalte der verlinkten Seiten ist stets der jeweilige Anbieter oder Betreiber der Seiten verantwortlich. Die verlinkten Seiten wurden zum Zeitpunkt der Verlinkung auf m\u00f6gliche Rechtsverst\u00f6\u00dfe \u00fcberpr\u00fcft. Rechtswidrige Inhalte waren zum Zeitpunkt der Verlinkung nicht erkennbar. Eine permanente inhaltliche Kontrolle der verlinkten Seiten ist jedoch ohne konkrete Anhaltspunkte einer Rechtsverletzung nicht zumutbar. Bei Bekanntwerden von Rechtsverletzungen werden wir derartige Links umgehend entfernen.<\/p>\n<p><strong>Urheberrecht<\/strong><\/p>\n<p>Die durch die Seitenbetreiber erstellten Inhalte und Werke auf diesen Seiten unterliegen dem deutschen Urheberrecht. Die Vervielf\u00e4ltigung, Bearbeitung, Verbreitung und jede Art der Verwertung au\u00dferhalb der Grenzen des Urheberrechtes bed\u00fcrfen der schriftlichen Zustimmung des jeweiligen Autors bzw. Erstellers. Downloads und Kopien dieser Seite sind nur f\u00fcr den privaten, nicht kommerziellen Gebrauch gestattet. Soweit die Inhalte auf dieser Seite nicht vom Betreiber erstellt wurden, werden die Urheberrechte Dritter beachtet. Insbesondere werden Inhalte Dritter als solche gekennzeichnet. Sollten Sie trotzdem auf eine Urheberrechtsverletzung aufmerksam werden, bitten wir um einen entsprechenden Hinweis. Bei Bekanntwerden von Rechtsverletzungen werden wir derartige Inhalte umgehend entfernen.<\/p>\n<p>&nbsp;<\/p>\n<p>Quelle:\u00a0<em><a href=\"http:\/\/www.e-recht24.de\/impressum-generator.html\" rel=\"nofollow\">http:\/\/www.e-recht24.de<\/a><\/em><\/p>\n","protected":false},"excerpt":{"rendered":"<p>ANGABEN GEM\u00c4SS \u00a7 5 TMG Schreinerei Stangl Auenstr. 13 85088 Rockolding Tel. 08457 1475 mail: info@schreinereistangl.de www.schreinereistangl.de VERTRETEN DURCH: Gesch\u00e4ftsleitung Thomas Stangl KONTAKT: Telefon: +49 8457 1475 Email: info@schreinereistangl.de UMSATZSTEUER-ID: Umsatzsteuer-Identifikationsnummer gem\u00e4\u00df \u00a727 a Umsatzsteuergesetz: DE VERANTWORTLICH F\u00dcR DEN INHALT NACH \u00a7 55 ABS. 2 RSTV: Thomas Stangl Auenstr. 13 85088 Rockolding QUELLENANGABEN F\u00dcR DIE [&hellip;]<\/p>\n","protected":false},"author":1,"featured_media":0,"parent":0,"menu_order":0,"comment_status":"closed","ping_status":"closed","template":"templates\/template-fullwidth.php","meta":{"_et_pb_use_builder":"","_et_pb_old_content":"","_et_gb_content_width":""},"_links":{"self":[{"href":"https:\/\/schreinereistangl.de\/index.php?rest_route=\/wp\/v2\/pages\/192"}],"collection":[{"href":"https:\/\/schreinereistangl.de\/index.php?rest_route=\/wp\/v2\/pages"}],"about":[{"href":"https:\/\/schreinereistangl.de\/index.php?rest_route=\/wp\/v2\/types\/page"}],"author":[{"embeddable":true,"href":"https:\/\/schreinereistangl.de\/index.php?rest_route=\/wp\/v2\/users\/1"}],"replies":[{"embeddable":true,"href":"https:\/\/schreinereistangl.de\/index.php?rest_route=%2Fwp%2Fv2%2Fcomments&post=192"}],"version-history":[{"count":1,"href":"https:\/\/schreinereistangl.de\/index.php?rest_route=\/wp\/v2\/pages\/192\/revisions"}],"predecessor-version":[{"id":193,"href":"https:\/\/schreinereistangl.de\/index.php?rest_route=\/wp\/v2\/pages\/192\/revisions\/193"}],"wp:attachment":[{"href":"https:\/\/schreinereistangl.de\/index.php?rest_route=%2Fwp%2Fv2%2Fmedia&parent=192"}],"curies":[{"name":"wp","href":"https:\/\/api.w.org\/{rel}","templated":true}]}}